{"id":2848,"date":"2020-05-13T23:24:33","date_gmt":"2020-05-13T21:24:33","guid":{"rendered":"http:\/\/natexgroup.com\/product\/virona-nero\/"},"modified":"2021-08-02T12:45:17","modified_gmt":"2021-08-02T10:45:17","slug":"virona-nero","status":"publish","type":"product","link":"https:\/\/www.natexgroup.com\/fr\/produit\/virona-nero\/","title":{"rendered":"Virona Nero (Stoffmaske)"},"content":{"rendered":"<div class=\"fusion-fullwidth fullwidth-box fusion-builder-row-1 nonhundred-percent-fullwidth non-hundred-percent-height-scrolling\" style=\"--awb-border-radius-top-left:0px;--awb-border-radius-top-right:0px;--awb-border-radius-bottom-right:0px;--awb-border-radius-bottom-left:0px;--awb-flex-wrap:wrap;\" ><div class=\"fusion-builder-row fusion-row\"><div class=\"fusion-layout-column fusion_builder_column fusion-builder-column-0 fusion_builder_column_1_1 1_1 fusion-one-full fusion-column-first fusion-column-last\" style=\"--awb-bg-size:cover;--awb-margin-bottom:0px;\"><div class=\"fusion-column-wrapper fusion-flex-column-wrapper-legacy\"><div class=\"fusion-text fusion-text-1\"><p>MASQUE DE PROTECTION ANTI-VIRUS &#8211; FABRIQU\u00c9 EN AUTRICHE<\/p>\n<p>MASQUE DE BOUCHE CONFORTABLE AVEC \u00c9QUIPEMENT ANTI-VIRAL, ANTI-BACT\u00c9RIEN ET HYDROPHOBE<\/p>\n<p>Le tissu particuli\u00e8rement l\u00e9ger sp\u00e9cialement d\u00e9velopp\u00e9 pour ce domaine d&rsquo;application conf\u00e8re au masque un grand confort et permet au porteur de respirer librement. Un ruban en fibre de polyamide-\u00e9lasthanne extra doux a \u00e9t\u00e9 r\u00e9alis\u00e9 pour fixer le masque. La protection de la bouche et du nez s&rsquo;adapte parfaitement gr\u00e2ce \u00e0 la pi\u00e8ce nasale int\u00e9gr\u00e9e. La finition test\u00e9e garantit une dur\u00e9e de vie d&rsquo;au moins 60 cycles de lavage \u00e0 60 \u00b0C (= 140 \u00b0F).<\/p>\n<p>Nous recommandons un maximum de 30 lavages en raison de la tension exerc\u00e9e sur le clip nasal.<\/p>\n<p>Veuillez laver le masque toujours dans un filet de lavage.<\/p>\n<p>Ces masques sont \u00e9galement disponibles en tailles enfants.<\/p>\n<ul>\n<li>finition antibact\u00e9rienne et antivirale de haute qualit\u00e9<\/li>\n<li>en plus hydrophobe et sans FC<\/li>\n<li>L&rsquo;\u00e9quipement reste au moins 60 cycles de lavage<\/li>\n<\/ul>\n<p><strong>Certificat de \u00ab\u00a0traitement antiviral\u00a0\u00bb selon la m\u00e9thode d&rsquo;essai ISO 18184 \/ 2014-09 ou ATCC 15597-B1 \u00ab\u00a0Textiles &#8211; d\u00e9termination de l&rsquo;activit\u00e9 antivirale des textiles\u00a0\u00bb re\u00e7u<\/strong><\/p>\n<p><strong>Instructions pour une utilisation correcte<\/strong><\/p>\n<ul>\n<li>Mettez toujours dans un filet \u00e0 linge pour le lavage<\/li>\n<\/ul>\n<\/div>\n<div class=\"fusion-clearfix\"><\/div><\/div><\/div><\/div><\/div>\n","protected":false},"excerpt":{"rendered":"","protected":false},"featured_media":2531,"comment_status":"closed","ping_status":"closed","template":"","meta":[],"product_brand":[],"product_cat":[584],"product_tag":[],"class_list":{"0":"post-2848","1":"product","2":"type-product","3":"status-publish","4":"has-post-thumbnail","6":"product_cat-mund-nasen-schnellmasken-fr","8":"first","9":"instock","10":"taxable","11":"shipping-taxable","12":"purchasable","13":"product-type-simple"},"_links":{"self":[{"href":"https:\/\/www.natexgroup.com\/fr\/wp-json\/wp\/v2\/product\/2848","targetHints":{"allow":["GET"]}}],"collection":[{"href":"https:\/\/www.natexgroup.com\/fr\/wp-json\/wp\/v2\/product"}],"about":[{"href":"https:\/\/www.natexgroup.com\/fr\/wp-json\/wp\/v2\/types\/product"}],"replies":[{"embeddable":true,"href":"https:\/\/www.natexgroup.com\/fr\/wp-json\/wp\/v2\/comments?post=2848"}],"wp:featuredmedia":[{"embeddable":true,"href":"https:\/\/www.natexgroup.com\/fr\/wp-json\/wp\/v2\/media\/2531"}],"wp:attachment":[{"href":"https:\/\/www.natexgroup.com\/fr\/wp-json\/wp\/v2\/media?parent=2848"}],"wp:term":[{"taxonomy":"product_brand","embeddable":true,"href":"https:\/\/www.natexgroup.com\/fr\/wp-json\/wp\/v2\/product_brand?post=2848"},{"taxonomy":"product_cat","embeddable":true,"href":"https:\/\/www.natexgroup.com\/fr\/wp-json\/wp\/v2\/product_cat?post=2848"},{"taxonomy":"product_tag","embeddable":true,"href":"https:\/\/www.natexgroup.com\/fr\/wp-json\/wp\/v2\/product_tag?post=2848"}],"curies":[{"name":"wp","href":"https:\/\/api.w.org\/{rel}","templated":true}]}}

<div class="fusion-fullwidth fullwidth-box fusion-builder-row-1 nonhundred-percent-fullwidth non-hundred-percent-height-scrolling" style="--awb-border-radius-top-left:0px;--awb-border-radius-top-right:0px;--awb-border-radius-bottom-right:0px;--awb-border-radius-bottom-left:0px;--awb-flex-wrap:wrap;" ><div class="fusion-builder-row fusion-row"><div class="fusion-layout-column fusion_builder_column fusion-builder-column-0 fusion_builder_column_1_1 1_1 fusion-one-full fusion-column-first fusion-column-last" style="--awb-bg-size:cover;--awb-margin-bottom:0px;"><div class="fusion-column-wrapper fusion-flex-column-wrapper-legacy"><div class="fusion-text fusion-text-1"><p>MASQUE DE PROTECTION ANTI-VIRUS &#8211; FABRIQUÉ EN AUTRICHE</p>
<p>MASQUE DE BOUCHE CONFORTABLE AVEC ÉQUIPEMENT ANTI-VIRAL, ANTI-BACTÉRIEN ET HYDROPHOBE</p>
<p>Le tissu particulièrement léger spécialement développé pour ce domaine d&rsquo;application confère au masque un grand confort et permet au porteur de respirer librement. Un ruban en fibre de polyamide-élasthanne extra doux a été réalisé pour fixer le masque. La protection de la bouche et du nez s&rsquo;adapte parfaitement grâce à la pièce nasale intégrée. La finition testée garantit une durée de vie d&rsquo;au moins 60 cycles de lavage à 60 °C (= 140 °F).</p>
<p>Nous recommandons un maximum de 30 lavages en raison de la tension exercée sur le clip nasal.</p>
<p>Veuillez laver le masque toujours dans un filet de lavage.</p>
<p>Ces masques sont également disponibles en tailles enfants.</p>
<ul>
<li>finition antibactérienne et antivirale de haute qualité</li>
<li>en plus hydrophobe et sans FC</li>
<li>L&rsquo;équipement reste au moins 60 cycles de lavage</li>
</ul>
<p><strong>Certificat de « traitement antiviral » selon la méthode d&rsquo;essai ISO 18184 / 2014-09 ou ATCC 15597-B1 « Textiles &#8211; détermination de l&rsquo;activité antivirale des textiles » reçu</strong></p>
<p><strong>Instructions pour une utilisation correcte</strong></p>
<ul>
<li>Mettez toujours dans un filet à linge pour le lavage</li>
</ul>
</div>
<div class="fusion-clearfix"></div></div></div></div></div>
